{"id":195,"date":"2023-11-28T17:46:28","date_gmt":"2023-11-28T16:46:28","guid":{"rendered":"https:\/\/22q-media.de\/?page_id=195"},"modified":"2025-04-29T08:35:31","modified_gmt":"2025-04-29T06:35:31","slug":"team-3","status":"publish","type":"page","link":"https:\/\/22q-media.de\/?page_id=195","title":{"rendered":"Team"},"content":{"rendered":"<p>[et_pb_section fb_built=&#8220;1&#8243; fullwidth=&#8220;on&#8220; _builder_version=&#8220;4.23.1&#8243; _module_preset=&#8220;default&#8220; global_colors_info=&#8220;{}&#8220;][et_pb_fullwidth_image src=&#8220;https:\/\/22q-media.de\/wp-content\/uploads\/2024\/02\/Gruppenbild_Fulda-scaled.jpg&#8220; title_text=&#8220;Gruppenbild_Fulda&#8220; _builder_version=&#8220;4.24.2&#8243; _module_preset=&#8220;default&#8220; width=&#8220;100%&#8220; max_width=&#8220;100%&#8220; module_alignment=&#8220;center&#8220; animation_style=&#8220;fade&#8220; global_colors_info=&#8220;{}&#8220;][\/et_pb_fullwidth_image][\/et_pb_section][et_pb_section fb_built=&#8220;1&#8243; fullwidth=&#8220;on&#8220; _builder_version=&#8220;4.23.1&#8243; _module_preset=&#8220;default&#8220; global_colors_info=&#8220;{}&#8220;][et_pb_fullwidth_header title=&#8220;Unser Team&#8220; _builder_version=&#8220;4.24.2&#8243; _module_preset=&#8220;default&#8220; title_font=&#8220;|600|||||||&#8220; title_text_color=&#8220;#3B5892&#8243; background_enable_color=&#8220;off&#8220; background_layout=&#8220;light&#8220; global_colors_info=&#8220;{}&#8220;]<\/p>\n<p><span style=\"color: #000000;\">Hier stellt sich unser Team vor. Das Projekt lebt von der Mitarbeit von unterschiedlichsten Menschen und erf\u00e4hrt dadurch eine au\u00dfergew\u00f6hnliche Vielfalt.<\/span><\/p>\n<p><span style=\"color: #000000;\"><br \/>Unser Team setzt sich aus Meschen zusammen, die vom 22Q-Syndrom betroffen sind. Betreut wird das Team zum einen von Laura Konen vom Verein \u201e<a href=\"https:\/\/www.wirsind22q.de\/\" target=\"_blank\" rel=\"noopener\" style=\"color: #000000;\">Wir sind 22Q e.V.<\/a>\u201c und den zwei Medienp\u00e4dagogen Christian Schwappach und Andreas Christ von <a href=\"http:\/\/www.filmreflex.de\" target=\"_blank\" rel=\"noopener\" style=\"color: #000000;\">filmreflex medienp\u00e4dagogik<\/a>.<strong><br \/><\/strong><\/span><\/p>\n<p>[\/et_pb_fullwidth_header][\/et_pb_section][et_pb_section fb_built=&#8220;1&#8243; _builder_version=&#8220;4.23.1&#8243; _module_preset=&#8220;default&#8220; global_colors_info=&#8220;{}&#8220;][et_pb_row column_structure=&#8220;1_3,1_3,1_3&#8243; _builder_version=&#8220;4.23.1&#8243; _module_preset=&#8220;default&#8220; global_colors_info=&#8220;{}&#8220;][et_pb_column type=&#8220;1_3&#8243; _builder_version=&#8220;4.23.1&#8243; _module_preset=&#8220;default&#8220; global_colors_info=&#8220;{}&#8220;][et_pb_team_member name=&#8220;Antonia&#8220; position=&#8220;Projektmitglied, Social Media, Moderation Podcast&#8220; image_url=&#8220;https:\/\/22q-media.de\/wp-content\/uploads\/2024\/02\/DSCF3114-scaled.jpg&#8220; _builder_version=&#8220;4.24.2&#8243; _module_preset=&#8220;default&#8220; header_font=&#8220;|600|||||||&#8220; header_text_color=&#8220;#3B5892&#8243; animation_style=&#8220;fade&#8220; border_radii_image=&#8220;on|13px|13px|13px|13px&#8220; global_colors_info=&#8220;{}&#8220;]<\/p>\n<p>Hallo, ich bin Antonia. Ich komme aus D\u00fcsseldorf und besch\u00e4ftige mich in meiner Freizeit mit\u2026.<\/p>\n<p>Wenn ich nicht bei 22QMedia aktiv bin, dann arbeite ich \u2026.<\/p>\n<p>Im Projekt k\u00fcmmere ich mich um unseren <a href=\"https:\/\/www.instagram.com\/wir_sind_22q\/\" target=\"_blank\" rel=\"noopener\">Instaaccount<\/a>, arbeite im Podcast als Moderatorin mit und habe immer neue Ideen f\u00fcr neue Social-Media Kampagnen oder lustige und kreative Mini-Projekte.<\/p>\n<p>[\/et_pb_team_member][\/et_pb_column][et_pb_column type=&#8220;1_3&#8243; _builder_version=&#8220;4.23.1&#8243; _module_preset=&#8220;default&#8220; global_colors_info=&#8220;{}&#8220;][et_pb_team_member name=&#8220;Cedric&#8220; position=&#8220;Projektmitglied, Videoschnitt\/Bearbeitung&#8220; image_url=&#8220;https:\/\/22q-media.de\/wp-content\/uploads\/2024\/02\/DSCF3065-scaled.jpg&#8220; _builder_version=&#8220;4.24.2&#8243; _module_preset=&#8220;default&#8220; header_font=&#8220;|600|||||||&#8220; header_text_color=&#8220;#3B5892&#8243; animation_style=&#8220;fade&#8220; border_radii_image=&#8220;on|13px|13px|13px|13px&#8220; global_colors_info=&#8220;{}&#8220;]<\/p>\n<p>Ich bin Cedric. Ich komme aus Wuppertal und arbeite im Garten- und Landschaftsbau.<\/p>\n<p>Im Projekt unterst\u00fctze ich die anderen dabei\u2026..<\/p>\n<p>In meiner Freizeit besch\u00e4ftige ich mit Computerspielen, die ich auch gerne auf meinem Twitch-Kanal streame.<\/p>\n<p>[\/et_pb_team_member][\/et_pb_column][et_pb_column type=&#8220;1_3&#8243; _builder_version=&#8220;4.23.1&#8243; _module_preset=&#8220;default&#8220; global_colors_info=&#8220;{}&#8220;][et_pb_team_member name=&#8220;Hannah&#8220; position=&#8220;Projektmitglied, Social Media, Moderation Podcast&#8220; image_url=&#8220;https:\/\/22q-media.de\/wp-content\/uploads\/2024\/02\/DSCF3134-scaled.jpg&#8220; _builder_version=&#8220;4.24.2&#8243; _module_preset=&#8220;default&#8220; header_font=&#8220;|600|||||||&#8220; header_text_color=&#8220;#3B5892&#8243; animation_style=&#8220;fade&#8220; border_radii_image=&#8220;on|13px|13px|13px|13px&#8220; global_colors_info=&#8220;{}&#8220;]<\/p>\n<p><span>Ich bin die Hannah aus Dresden, 22 Jahre alt. Ich arbeite als Hauswirtschafterin im Ambulanten Pflegedienst.<\/span><br \/><span>In meiner Freizeit gehe ich einmal pro Woche zum Fl\u00f6tenunterricht beim Spielmannszug Dresden und zur Musikschule. Au\u00dferdem spiele ich Akkordeon. Wenn ich mich mal nicht mit Musik besch\u00e4ftige hab ich auch mal gern Zeit f\u00fcr mich und gehe gern ins Gym, treffe mich mit Freunden oder mit der Fammilie\/ Verein.<\/span><br \/><span>Beim Projekt 22QMedia bin ich zust\u00e4ndig f\u00fcr Interviewfragen, ab und an mit beim Filmen sowie f\u00fcr unseren <a href=\"https:\/\/www.instagram.com\/wir_sind_22q\/\" target=\"_blank\" rel=\"noopener\">Insta-Kanal<\/a>.\u00a0<\/span><\/p>\n<p>[\/et_pb_team_member][\/et_pb_column][\/et_pb_row][et_pb_row column_structure=&#8220;1_3,1_3,1_3&#8243; _builder_version=&#8220;4.23.1&#8243; _module_preset=&#8220;default&#8220; global_colors_info=&#8220;{}&#8220;][et_pb_column type=&#8220;1_3&#8243; _builder_version=&#8220;4.23.1&#8243; _module_preset=&#8220;default&#8220; global_colors_info=&#8220;{}&#8220;][et_pb_team_member name=&#8220;Laura&#8220; position=&#8220;Projektmitglied, Social Media, Podcast&#8220; image_url=&#8220;https:\/\/22q-media.de\/wp-content\/uploads\/2024\/02\/DSCF3071-scaled.jpg&#8220; _builder_version=&#8220;4.24.2&#8243; _module_preset=&#8220;default&#8220; header_font=&#8220;|600|||||||&#8220; header_text_color=&#8220;#3B5892&#8243; animation_style=&#8220;fade&#8220; border_radii_image=&#8220;on|13px|13px|13px|13px&#8220; global_colors_info=&#8220;{}&#8220; position__hover_enabled=&#8220;on|desktop&#8220; position__hover=&#8220;Projektmitglied, Social Media, Podcast&#8220;]<\/p>\n<p>Hallo ich bin Laura ich bin 16 Jahre alt. Ich komme aus N\u00e4he von Kassel, ich gehe noch in die Schule und besuche zur Zeit die 10. Klasse. Meine Hobbys sind Jugendfeuerwehr, Klavier und Tischtennis. Au\u00dferdem zeichne ich sehr gerne und lese ab und zu das ein oder andere Buch. Ich freue mich mit dem Team in der n\u00e4chsten Zeit zu arbeiten und was Neues dazu zu lernen.<\/p>\n<p>[\/et_pb_team_member][\/et_pb_column][et_pb_column type=&#8220;1_3&#8243; _builder_version=&#8220;4.23.1&#8243; _module_preset=&#8220;default&#8220; global_colors_info=&#8220;{}&#8220;][et_pb_team_member name=&#8220;Leonie&#8220; position=&#8220;Projektmitglied&#8220; image_url=&#8220;https:\/\/22q-media.de\/wp-content\/uploads\/2023\/12\/leonie.jpg&#8220; _builder_version=&#8220;4.24.2&#8243; _module_preset=&#8220;default&#8220; header_font=&#8220;|600|||||||&#8220; header_text_color=&#8220;#3B5892&#8243; animation_style=&#8220;fade&#8220; border_radii_image=&#8220;on|13px|13px|13px|13px&#8220; global_colors_info=&#8220;{}&#8220;]<\/p>\n<p><span>Hall\u00f6chen. Ich bin Leonie und komme aus Dresden<\/span><br \/><span>Ich mache gerade eine Ausbildung zur generalistischen Pflegefachkraft<\/span><br \/><span>In meiner Freizeit lese ich viel und\u00a0 schreibe auch. Ich backe und koche gerne.<\/span><br \/><span>Bei 22QMedia bin ich bei Hybrid-Veranstaltungen meistens f\u00fcr die Chatbetreuung zust\u00e4ndig.<\/span><\/p>\n<p>[\/et_pb_team_member][\/et_pb_column][et_pb_column type=&#8220;1_3&#8243; _builder_version=&#8220;4.23.1&#8243; _module_preset=&#8220;default&#8220; global_colors_info=&#8220;{}&#8220;][et_pb_team_member name=&#8220;Linda&#8220; position=&#8220;Projektmitglied&#8220; image_url=&#8220;https:\/\/22q-media.de\/wp-content\/uploads\/2023\/11\/linda.png&#8220; _builder_version=&#8220;4.24.2&#8243; _module_preset=&#8220;default&#8220; header_font=&#8220;|600|||||||&#8220; header_text_color=&#8220;#3B5892&#8243; animation_style=&#8220;fade&#8220; border_radii_image=&#8220;on|13px|13px|13px|13px&#8220; global_colors_info=&#8220;{}&#8220;]<\/p>\n<p><span>Mein Name ist Linda und wohne in der N\u00e4he von Dresden (Sachsen, R4). Ich besuche das Berufliche Gymnasium der Semper Schulen Dresden in der Fachrichtung Gesundheit und Soziales. Ich bin in der 13. Klasse. In meiner Freizeit singe ich in einem Gospelchor, schreibe gerne Geschichten und Lese (vor allem Fanfiction). Beim Projekt 22QMedia bin ich zust\u00e4ndig f\u00fcr Kamera und Chatbetreuung bei den Live-Treffen (z. B. Thementage).<\/span><\/p>\n<p>[\/et_pb_team_member][\/et_pb_column][\/et_pb_row][et_pb_row column_structure=&#8220;1_3,1_3,1_3&#8243; _builder_version=&#8220;4.23.1&#8243; _module_preset=&#8220;default&#8220; global_colors_info=&#8220;{}&#8220;][et_pb_column type=&#8220;1_3&#8243; _builder_version=&#8220;4.23.1&#8243; _module_preset=&#8220;default&#8220; global_colors_info=&#8220;{}&#8220;][et_pb_team_member name=&#8220;Niklas&#8220; position=&#8220;Projektmitglied, Youtube und Grafikdesign&#8220; image_url=&#8220;https:\/\/22q-media.de\/wp-content\/uploads\/2024\/02\/DSCF3200-scaled.jpg&#8220; _builder_version=&#8220;4.24.2&#8243; _module_preset=&#8220;default&#8220; header_font=&#8220;|600|||||||&#8220; header_text_color=&#8220;#3B5892&#8243; animation_style=&#8220;fade&#8220; border_radii_image=&#8220;on|13px|13px|13px|13px&#8220; global_colors_info=&#8220;{}&#8220;]<\/p>\n<p>Ich hei\u00dfe Niklas und komme aus der N\u00e4he von Gie\u00dfen in Mittelhessen.<\/p>\n<p>Im normalen Leben arbeite ich in einem IT-Systemhaus, welches Kommunikationssoftware vertreibt und wartet.<\/p>\n<p>Beim Projekt sind meine Aufgabengebiete die Pflege der Facebookseite und -Gruppe. Ich filme f\u00fcr unsere verschiedenen Youtube-Videos und k\u00fcmmere mich um das Layout der Thumbnails f\u00fcr den Youtube-Kanal.<\/p>\n<p>[\/et_pb_team_member][\/et_pb_column][et_pb_column type=&#8220;1_3&#8243; _builder_version=&#8220;4.23.1&#8243; _module_preset=&#8220;default&#8220; global_colors_info=&#8220;{}&#8220;][et_pb_team_member name=&#8220;Oliver&#8220; position=&#8220;Projektmitglied, Videoschnitt&#8220; image_url=&#8220;https:\/\/22q-media.de\/wp-content\/uploads\/2023\/12\/olli.png&#8220; _builder_version=&#8220;4.24.2&#8243; _module_preset=&#8220;default&#8220; header_font=&#8220;|600|||||||&#8220; header_text_color=&#8220;#3B5892&#8243; animation_style=&#8220;fade&#8220; border_radii_image=&#8220;on|13px|13px|13px|13px&#8220; global_colors_info=&#8220;{}&#8220;]<\/p>\n<p>Hallo, ich bin Oliver, 24 Jahre alt und aus der N\u00e4he von Siegen.<br \/>Wochentags bin ich als technischer Helfer in einem Unternehmen f\u00fcr Frachtvermessung unterwegs und baue Industrie-PCs zusammen.<span aria-label=\"\" data-stringify-type=\"paragraph-break\"><\/span>Wenn der Feierabend anbricht, \u00fcbernehme ich bei 22qMedia das Ruder und k\u00fcmmere mich um Videoschnitt, Podcasts und Making-Ofs.<span aria-label=\"\" data-stringify-type=\"paragraph-break\"><\/span>Abseits davon finde ich meine kreative Seite in Grafikdesign, schaue Anime und spiele Videospiele auf dem PC.<\/p>\n<p>[\/et_pb_team_member][\/et_pb_column][et_pb_column type=&#8220;1_3&#8243; _builder_version=&#8220;4.23.1&#8243; _module_preset=&#8220;default&#8220; global_colors_info=&#8220;{}&#8220;][et_pb_team_member name=&#8220;Tim&#8220; position=&#8220;Projektmitglied, Musik, Composer&#8220; image_url=&#8220;https:\/\/22q-media.de\/wp-content\/uploads\/2024\/02\/DSCF3056-scaled.jpg&#8220; _builder_version=&#8220;4.24.2&#8243; _module_preset=&#8220;default&#8220; header_font=&#8220;|600|||||||&#8220; header_text_color=&#8220;#3B5892&#8243; animation_style=&#8220;fade&#8220; border_radii_image=&#8220;on|13px|13px|13px|13px&#8220; global_colors_info=&#8220;{}&#8220;]<\/p>\n<p>Guten Tag zusammen.<br \/>Ich bin Tim aus Leipzig. In der Freizeit spiele ich in verschiedenen Ensembles und bin oft in den D\u00f6rfern rund um Leipzig als Organist unterwegs.<br \/>Bei 22QMedia bin ich bei Videos und Podcasts f\u00fcr die Musik zust\u00e4ndig.<\/p>\n<p>[\/et_pb_team_member][\/et_pb_column][\/et_pb_row][et_pb_row column_structure=&#8220;1_3,1_3,1_3&#8243; _builder_version=&#8220;4.23.1&#8243; _module_preset=&#8220;default&#8220; global_colors_info=&#8220;{}&#8220;][et_pb_column type=&#8220;1_3&#8243; _builder_version=&#8220;4.23.1&#8243; _module_preset=&#8220;default&#8220; global_colors_info=&#8220;{}&#8220;][et_pb_team_member name=&#8220;Tino&#8220; position=&#8220;Projektmitglied, Videoschnitt, Kamera&#8220; image_url=&#8220;https:\/\/22q-media.de\/wp-content\/uploads\/2023\/11\/tino.png&#8220; _builder_version=&#8220;4.24.2&#8243; _module_preset=&#8220;default&#8220; header_font=&#8220;|600|||||||&#8220; header_text_color=&#8220;#3B5892&#8243; animation_style=&#8220;fade&#8220; border_radii_image=&#8220;on|13px|13px|13px|13px&#8220; global_colors_info=&#8220;{}&#8220;]<\/p>\n<p>Ich bin Tino und komme aus Delmenhorst, ich besch\u00e4ftige mich in meiner Freizeit mit Twitch Livestreaming, Videoschnitt usw. Im Medienprojekt bin ich zust\u00e4ndig im Bereich Videoschnitt und Aufnahme.<\/p>\n<p>[\/et_pb_team_member][\/et_pb_column][et_pb_column type=&#8220;1_3&#8243; _builder_version=&#8220;4.23.1&#8243; _module_preset=&#8220;default&#8220; global_colors_info=&#8220;{}&#8220;][et_pb_team_member name=&#8220;Wiebke&#8220; position=&#8220;Projektmitglied, Moderation Podcast&#8220; image_url=&#8220;https:\/\/22q-media.de\/wp-content\/uploads\/2024\/02\/DSCF3087-scaled.jpg&#8220; _builder_version=&#8220;4.27.0&#8243; _module_preset=&#8220;default&#8220; header_font=&#8220;|600|||||||&#8220; header_text_color=&#8220;#3B5892&#8243; animation_style=&#8220;fade&#8220; border_radii_image=&#8220;on|13px|13px|13px|13px&#8220; global_colors_info=&#8220;{}&#8220;]<\/p>\n<p><span role=\"presentation\" dir=\"ltr\">Mein Name ist Wiebke ich komme aus der Region Hannover, ich arbeite in <\/span><span role=\"presentation\" dir=\"ltr\">den Hannoverischen <\/span><br role=\"presentation\" \/><span role=\"presentation\" dir=\"ltr\">Werkst\u00e4tten und bin dort gerade im bbb<\/span><span role=\"presentation\" dir=\"ltr\"> <\/span><span role=\"presentation\" dir=\"ltr\">Bereich. Meine Hobbys sind Lesen, Sticken, Malen und <\/span><br role=\"presentation\" \/><span role=\"presentation\" dir=\"ltr\">Basteln. Bei 22qmedia mache ich den Podcast zusammen mit Andi Christ,<\/span><span role=\"presentation\" dir=\"ltr\"> <\/span><span role=\"presentation\" dir=\"ltr\">und auf unseren Bustouren <\/span><span role=\"presentation\" dir=\"ltr\">habe oft den Job des Interviewers. Aber bin<\/span><span role=\"presentation\" dir=\"ltr\"> <\/span><span role=\"presentation\" dir=\"ltr\">auch<\/span><span role=\"presentation\" dir=\"ltr\"> <\/span><span role=\"presentation\" dir=\"ltr\">manchmal hinter der Kamera und bediene sie<\/span><span role=\"presentation\" dir=\"ltr\">.<\/span><\/p>\n<p>[\/et_pb_team_member][\/et_pb_column][et_pb_column type=&#8220;1_3&#8243; _builder_version=&#8220;4.23.1&#8243; _module_preset=&#8220;default&#8220; global_colors_info=&#8220;{}&#8220;][et_pb_team_member name=&#8220;Tabea&#8220; position=&#8220;Projektmitglied, Videoschnitt&#8220; image_url=&#8220;https:\/\/22q-media.de\/wp-content\/uploads\/2024\/08\/Tabea.png&#8220; _builder_version=&#8220;4.27.0&#8243; _module_preset=&#8220;default&#8220; header_font=&#8220;|600|||||||&#8220; global_colors_info=&#8220;{}&#8220;]<\/p>\n<p>Hallo, ich bin Tabea aus Friedrichshafen. Ich bin aktuell 23 Jahre alt und arbeite aktuell als Animateurin im Spieleland Ravensburg. In meiner Freizeit gehe ich gerne schwimmen, lese B\u00fccher und h\u00f6re gerne Musik. Seit der Bustour nach Fulda habe ich geschmack am Videoschnitt gefunden.<\/p>\n<p>[\/et_pb_team_member][\/et_pb_column][\/et_pb_row][et_pb_row _builder_version=&#8220;4.23.1&#8243; _module_preset=&#8220;default&#8220; global_colors_info=&#8220;{}&#8220;][et_pb_column type=&#8220;4_4&#8243; _builder_version=&#8220;4.23.1&#8243; _module_preset=&#8220;default&#8220; global_colors_info=&#8220;{}&#8220;][et_pb_divider color=&#8220;#3AAA35&#8243; _builder_version=&#8220;4.23.1&#8243; _module_preset=&#8220;default&#8220; global_colors_info=&#8220;{}&#8220;][\/et_pb_divider][\/et_pb_column][\/et_pb_row][et_pb_row column_structure=&#8220;1_3,1_3,1_3&#8243; _builder_version=&#8220;4.23.1&#8243; _module_preset=&#8220;default&#8220; global_colors_info=&#8220;{}&#8220;][et_pb_column type=&#8220;1_3&#8243; _builder_version=&#8220;4.23.1&#8243; _module_preset=&#8220;default&#8220; global_colors_info=&#8220;{}&#8220;][et_pb_team_member name=&#8220;Laura Konen&#8220; position=&#8220;Koordination&#8220; image_url=&#8220;https:\/\/22q-media.de\/wp-content\/uploads\/2024\/02\/DSCF3206-scaled.jpg&#8220; _builder_version=&#8220;4.24.2&#8243; _module_preset=&#8220;default&#8220; header_font=&#8220;|600|||||||&#8220; header_text_color=&#8220;#3B5892&#8243; animation_style=&#8220;fade&#8220; border_radii_image=&#8220;on|13px|13px|13px|13px&#8220; global_colors_info=&#8220;{}&#8220;]<\/p>\n<p><span>Mein Name ist Laura Konen. Ich wohne mit meinen beiden Kindern und meinem Mann im goldigen Mainz am Rhein. Seit meinem Studium f\u00fcr Soziale Arbeit in 2012 arbeite ich ehrenamtlich f\u00fcr den Verein Wir sind 22 Q e.V.\u00a0 und habe viele Veranstaltungen des Vereins konzipieren, begleiten und leiten d\u00fcrfen.<\/span><br \/><span>Seit Mai 2021 arbeite ich mit 50% hauptamtlich als Medienkoordinatorin. Meine Hauptaufgabe ist die Steuerung von 22QMedia und deren Projekte.<\/span><\/p>\n<p>[\/et_pb_team_member][\/et_pb_column][et_pb_column type=&#8220;1_3&#8243; _builder_version=&#8220;4.23.1&#8243; _module_preset=&#8220;default&#8220; global_colors_info=&#8220;{}&#8220;][et_pb_team_member name=&#8220;Christian Schwappach&#8220; position=&#8220;Medienp\u00e4dagoge&#8220; image_url=&#8220;https:\/\/22q-media.de\/wp-content\/uploads\/2024\/02\/Christian_im_Quadrat-scaled.jpg&#8220; _builder_version=&#8220;4.24.2&#8243; _module_preset=&#8220;default&#8220; header_font=&#8220;|600|||||||&#8220; header_text_color=&#8220;#3B5892&#8243; animation_style=&#8220;fade&#8220; border_radii_image=&#8220;on|13px|13px|13px|13px&#8220; global_colors_info=&#8220;{}&#8220;]<\/p>\n<p><span>Mein Name ist Christian. Vielleicht kennt ihr mich aus Filmen, wie &#8222;Dieter-Baacke-Preistr\u00e4ger 23&#8220; oder \u00e4hnliches. Ansonsten bin ich Sozial &#8211; und Medienp\u00e4dagoge, Filmemacher und Mitgr\u00fcnder von filmreflex | Menschen und Medien e.V.. Bei 22QMedia bin ich f\u00fcr die Filmarbeiten und die Gesamtkoordination verantwortlich. Ach ja&#8230;ich bin Dieter-Baacke-Preistr\u00e4ger 2023.<\/span><\/p>\n<p>[\/et_pb_team_member][\/et_pb_column][et_pb_column type=&#8220;1_3&#8243; _builder_version=&#8220;4.23.1&#8243; _module_preset=&#8220;default&#8220; global_colors_info=&#8220;{}&#8220;][et_pb_team_member name=&#8220;Andreas Christ&#8220; position=&#8220;Medienp\u00e4dagoge&#8220; image_url=&#8220;https:\/\/22q-media.de\/wp-content\/uploads\/2024\/03\/Andi2.png&#8220; _builder_version=&#8220;4.24.2&#8243; _module_preset=&#8220;default&#8220; header_font=&#8220;|600|||||||&#8220; header_text_color=&#8220;#3B5892&#8243; animation_style=&#8220;fade&#8220; border_radii_image=&#8220;on|13px|13px|13px|13px&#8220; global_colors_info=&#8220;{}&#8220;]<\/p>\n<p>Ich bin Andi. Medienp\u00e4dagoge und Dieter Baacke Preistr\u00e4ger 2023.<\/p>\n<p>Ich bin aus Fulda und arbeite mit Christian bei filmreflex | Menschen und Medien e.V.. In meiner Freizeit mag ich gerne Musik (sowohl h\u00f6ren, als auch selber machen).<\/p>\n<p>Beim Projekt k\u00fcmmere ich mich um die Gesamtkoordination, den Podcast und auch diese Webseite.<\/p>\n<p>[\/et_pb_team_member][\/et_pb_column][\/et_pb_row][\/et_pb_section]<\/p>\n","protected":false},"excerpt":{"rendered":"<p>Hier stellt sich unser Team vor. Das Projekt lebt von der Mitarbeit von unterschiedlichsten Menschen und erf\u00e4hrt dadurch eine au\u00dfergew\u00f6hnliche Vielfalt. Unser Team setzt sich aus Meschen zusammen, die vom 22Q-Syndrom betroffen sind. Betreut wird das Team zum einen von Laura Konen vom Verein \u201eWir sind 22Q e.V.\u201c und den zwei Medienp\u00e4dagogen Christian Schwappach und [&hellip;]<\/p>\n","protected":false},"author":2,"featured_media":0,"parent":0,"menu_order":0,"comment_status":"closed","ping_status":"closed","template":"","meta":{"_et_pb_use_builder":"on","_et_pb_old_content":"","_et_gb_content_width":"","footnotes":""},"class_list":["post-195","page","type-page","status-publish","hentry"],"_links":{"self":[{"href":"https:\/\/22q-media.de\/index.php?rest_route=\/wp\/v2\/pages\/195","targetHints":{"allow":["GET"]}}],"collection":[{"href":"https:\/\/22q-media.de\/index.php?rest_route=\/wp\/v2\/pages"}],"about":[{"href":"https:\/\/22q-media.de\/index.php?rest_route=\/wp\/v2\/types\/page"}],"author":[{"embeddable":true,"href":"https:\/\/22q-media.de\/index.php?rest_route=\/wp\/v2\/users\/2"}],"replies":[{"embeddable":true,"href":"https:\/\/22q-media.de\/index.php?rest_route=%2Fwp%2Fv2%2Fcomments&post=195"}],"version-history":[{"count":49,"href":"https:\/\/22q-media.de\/index.php?rest_route=\/wp\/v2\/pages\/195\/revisions"}],"predecessor-version":[{"id":744,"href":"https:\/\/22q-media.de\/index.php?rest_route=\/wp\/v2\/pages\/195\/revisions\/744"}],"wp:attachment":[{"href":"https:\/\/22q-media.de\/index.php?rest_route=%2Fwp%2Fv2%2Fmedia&parent=195"}],"curies":[{"name":"wp","href":"https:\/\/api.w.org\/{rel}","templated":true}]}}